1801?
1167
Calculate the remainder when 36849 is divided by 62.
21
What is the remainder when 140883 is divided by 4?
3
What is the remainder when 26814 is divided by 21?
18
What is the remainder when 1416 is divided by 432?
120
Calculate the remainder when 75237 is divided by 1045.
1042
Calculate the remainder when 52826 is divided by 123.
59
Calculate the remainder when 6987 is divided by 69.
18
What is the remainder when 76892 is divided by 437?
417
Calculate the remainder when 74023 is divided by 225.
223
What is the remainder when 13305 is divided by 212?
161
What is the remainder when 817 is divided by 2?
1
What is the remainder when 3111 is divided by 149?
131
Calculate the remainder when 46285 is divided by 2093.
239
Calculate the remainder when 1453093 is divided by 125.
93
What is the remainder when 1973 is divided by 1953?
20
Calculate the remainder when 4930 is divided by 130.
120
Calculate the remainder when 109809 is divided by 947.
904
What is the remainder when 6374 is divided by 501?
362
What is the remainder when 1074 is divided by 489?
96
What is the remainder when 14290 is divided by 4748?
46
What is the remainder when 31974 is divided by 319?
74
Calculate the remainder when 8261 is divided by 57.
53
What is the remainder when 3216 is divided by 901?
513
Calculate the remainder when 48110 is divided by 6012.
14
Calculate the remainder when 19050 is divided by 792.
42
What is the remainder when 37800 is divided by 356?
64
What is the remainder when 23776 is divided by 97?
11
Calculate the remainder when 13327 is divided by 4393.
148
Calculate the remainder when 8373 is divided by 42.
15
Calculate the remainder when 6256 is divided by 3103.
50
Calculate the remainder when 13945 is divided by 2319.
31
Calculate the remainder when 148873 is divided by 22.
21
What is the remainder when 303131 is divided by 63?
38
Calculate the remainder when 2015 is divided by 1104.
911
Calculate the remainder when 136796 is divided by 285.
281
Calculate the remainder when 4729 is divided by 1298.
835
Calculate the remainder when 639454 is divided by 14210.
4
What is the remainder when 85647 is divided by 266?
261
Calculate the remainder when 4975 is divided by 2223.
529
Calculate the remainder when 92283 is divided by 18453.
18
Calculate the remainder when 22770 is divided by 12.
6
Calculate the remainder when 19887 is divided by 663.
660
Calculate the remainder when 1447130 is divided by 169.
152
What is the remainder when 37101 is divided by 11?
9
Calculate the remainder when 122238 is divided by 35.
18
What is the remainder when 31366 is divided by 3132?
46
Calculate the remainder when 32884 is divided by 2738.
28
Calculate the remainder when 198486 is divided by 66142.
60
Calculate the remainder when 8501 is divided by 2824.
29
What is the remainder when 13448 is divided by 781?
171
What is the remainder when 11826 is divided by 3928?
42
What is the remainder when 36578 is divided by 80?
18
Calculate the remainder when 527975 is divided by 181.
179
Calculate the remainder when 24796 is divided by 2754.
10
What is the remainder when 1548764 is divided by 67?
59
Calculate the remainder when 24670 is divided by 1161.
289
What is the remainder when 628 is divided by 65?
43
Calculate the remainder when 8542 is divided by 8.
6
What is the remainder when 459359 is divided by 288?
287
Calculate the remainder when 4918 is divided by 932.
258
Calculate the remainder when 3771 is divided by 1219.
114
Calculate the remainder when 1706 is divided by 539.
89
What is the remainder when 19895 is divided by 24?
23
What is the remainder when 479236 is divided by 19?
18
What is the remainder when 486 is divided by 39?
18
What is the remainder when 273635 is divided by 419?
28
What is the remainder when 100325 is divided by 33433?
26
What is the remainder when 45777 is divided by 6?
3
What is the remainder when 812233 is divided by 406111?
11
Calculate the remainder when 3722 is divided by 2834.
888
What is the remainder when 4117 is divided by 1355?
52
What is the remainder when 14382 is divided by 2162?
1410
What is the remainder when 3137 is divided by 738?
185
Calculate the remainder when 32177 is divided by 93.
92
Calculate the remainder when 330262 is divided by 2847.
10
What is the remainder when 129 is divided by 57?
15
Calculate the remainder when 7065 is divided by 705.
15
Calculate the remainder when 9198 is divided by 9131.
67
What is the remainder when 2724 is divided by 17?
4
What is the remainder when 544841 is divided by 18?
17
Calculate the remainder when 16751 is divided by 48.
47
What is the remainder when 5451 is divided by 259?
12
What is the remainder when 48641 is divided by 386?
5
What is the remainder when 16026 is divided by 96?
90
What is the remainder when 6516 is divided by 1302?
6
Calculate the remainder when 223665 is divided by 214.
35
Calculate the remainder when 3787 is divided by 1401.
985
Calculate the remainder when 4929054 is divided by 19.
17
Calculate the remainder when 2700 is divided by 114.
78
Calculate the remainder when 273 is divided by 89.
6
What is the remainder when 3434 is divided by 3022?
412
What is the remainder when 228655 is divided by 20?
15
What is the remainder when 380473 is divided by 95?
93
Calculate the remainder when 10909 is divided by 606.
1
What is the remainder when 141469 is divided by 32?
29
What is the remainder when 1623 is divided by 36?
3
What is the remainder when 1412 is divided by 11?
4
What is the remainder when 1238 is divided by 181?
152
Calculate the remainder when 1009593 is divided by 2279.
2275
What is the remainder when 97123 is divided by 11?
4
What is the remainder when 3594 is divided by 350?
94
Calculate the remainder when 37006 is divided by 661.
651
Calculate the remainder when 127388 is divided by 628.
532
What is the remainder when 46791 is divided by 23197?
397
What is the remainder when 1529 is divided by 104?
73
Calculate the remainder when 113943 is divided by 86.
79
Calculate the remainder when 11273 is divided by 21.
17
What is the remainder when 4779 is divided by 323?
257
Calculate the remainder when 15276 is divided by 588.
576
Calculate the remainder when 10210 is divided by 144.
130
Calculate the remainder when 44639 is divided by 6376.
7
What is the remainder when 6468 is divided by 127?
118
Calculate the remainder when 6358 is divided by 66.
22
Calculate the remainder when 26783 is divided by 186.
185
What is the remainder when 5158 is divided by 215?
213
What is the remainder when 54274 is divided by 9031?
88
Calculate the remainder when 797 is divided by 712.
85
Calculate the remainder when 9125 is divided by 254.
235
What is the remainder when 2621 is divided by 384?
317
Calculate the remainder when 542 is divided by 129.
26
What is the remainder when 980718 is divided by 439?
431
What is the remainder when 4205 is divided by 765?
380
What is the remainder when 6987 is divided by 1148?
99
What is the remainder when 31980 is divided by 735?
375
Calculate the remainder when 1462029 is divided by 16.
13
What is the remainder when 2694 is divided by 108?
102
Calculate the remainder when 29641 is divided by 7378.
129
Calculate the remainder when 1543509 is divided by 73.
70
Calculate the remainder when 3627 is divided by 18.
9
What is the remainder when 88995 is divided by 7?
4
What is the remainder when 3773 is divided by 32?
29
Calculate the remainder when 84875 is divided by 2493.
113
What is the remainder when 499 is divided by 3?
1
What is the remainder when 902104 is divided by 1550?
4
What is the remainder when 722193 is divided by 157?
150
Calculate the remainder when 93072 is divided by 18612.
12
Calculate the remainder when 144843 is divided by 317.
291
What is the remainder when 871 is divided by 302?
267
Calculate the remainder when 7375 is divided by 291.
100
What is the remainder when 44848 is divided by 130?
128
What is the remainder when 2556 is divided by 608?
124
Calculate the remainder when 11391 is divided by 11.
6
What is the remainder when 9933 is divided by 54?
51
What is the remainder when 518494 is divided by 264?
262
What is the remainder when 14101 is divided by 2817?
16
Calculate the remainder when 1214 is divided by 574.
66
W